 List the prime factors of p/11 + (-323856)/(-264).
3, 409
Let w = 327 + -323. Suppose 23884 = 24*p + w*p. What are the prime factors of p?
853
Let c be (54 - 52) + (-1)/(1/(-922)). List the prime factors of (c/12)/(-1 + 2).
7, 11
Let h be 27/(-5)*(-5)/1. Suppose 25*k - h*k + 1496 = 0. Suppose g + 2*q - 258 = -q, 0 = 3*g - 4*q - k. List the prime factors of g.
2, 3, 7
Let r = 31 - 27. Suppose 2*l - n = 1132, 4*n - 1065 = -r*l + 1187. What are the prime factors of l?
5, 113
Let b(t) = -4*t + 114. Let v be b(29). What are the prime factors of (43/v)/((10/4)/(-5))?
43
Suppose -z = -w - 796, -3*w + 20 = 2*w. Let f = z - 571. List the prime factors of f.
229
Let x(r) = 18*r. Let y be x(-1). Let z(d) = -d - 13. Let o be z(y). Suppose -4*h + 280 = 5*c - c, 5*c + 360 = o*h. List the prime factors of h.
71
Suppose 88*y = 3*y + 547485. List the prime factors of y.
3, 19, 113
List the prime factors of ((-4)/1)/(4/(-34)*62/74338).
2, 11, 17, 109
Suppose -8*d + 4602 = -1406. Suppose 3*r = -3*l + d - 139, 5*r - 405 = -2*l. What are the prime factors of l?
5, 41
Let l(p) = -956*p - 3892. What are the prime factors of l(-14)?
2, 3, 7, 113
Suppose -2*o = -5*v + 196 - 775, -4*o - 3*v + 1119 = 0. Let i = o - 59. What are the prime factors of i?
223
What are the prime factors of 1/(((-2104)/208 - -10)*(-2)/3978)?
2, 3, 13, 17
Suppose 0 = -5*y + 2*q + 17, 2*q + 8 = -2*y + 12. Suppose 0 = -y*o - 17*o + 23260. List the prime factors of o.
1163
Suppose 39 = -2*q - 2*o + 135, 0 = q - 3*o - 28. Let m = -130 + 36. Let u = q - m. List the prime factors of u.
137
Suppose -67*p + 84*p + 85 = 0. List the prime factors of (172*(-6)/(-36))/(p/(-120)).
2, 43
Suppose -4*d + 4*r = -28, -2*r - 41 = -7*d + 2*d. Let f(x) = 14*x**2 - 2*x + 29. List the prime factors of f(d).
5, 229
Suppose 0 = 3*x - 2*q + 6*q - 25, 37 = 5*x + 2*q. Suppose x - 82 = -3*f. Suppose 3*g = -c + 7*g + f, 0 = 5*g. List the prime factors of c.
5
Let p = 6660 + 5522. What are the prime factors of p?
2, 6091
Let t = -73 + 91. Suppose 0 = -2*v - t + 12. Let o(g) = 15*g**2 + 5*g + 2. List the prime factors of o(v).
2, 61
Let o(v) = 10*v**2 + 61*v - 273. List the prime factors of o(-18).
3, 7, 89
Suppose 4*t + 3*i = 69, -13*t + 4*i = -9*t - 48. Let z = t - 143. Let g = 45 - z. What are the prime factors of g?
173
Suppose -2*s + 4*h + 839 = 3*s, -20 = -5*h. Let k = s - 265. What are the prime factors of (2 - 0 - k) + 3?
3, 11
Suppose 33*h + 1081048 - 3025012 = 0. List the prime factors of h.
2, 3, 4909
Let r(a) = 10*a**2 - 4*a - 6. Let x be r(-2). Let b(n) = -53*n + 26*n + x*n + 39. List the prime factors of b(8).
3, 53
Suppose -5*b + 26145 = -z, -4*b + 15512 + 5404 = -5*z. What are the prime factors of b?
3, 7, 83
Let d(b) = 8*b - 13. Let g be d(-1). Let y = 65 + g. List the prime factors of y.
2, 11
Suppose 4*s - 5 = 3*s. Suppose -6*w = -s*w - 212. Suppose -11*f + 7*f + w = 0. List the prime factors of f.
53
Suppose 5*z = -5*y + 60535, -60584 = -5*y + 312*z - 310*z. What are the prime factors of y?
2, 3, 673
Let q(z) = z**2 + 24*z - 12. Let w be q(-22). Let u = -51 - w. Suppose u*d + 369 = 8*d. List the prime factors of d.
3, 41
What are the prime factors of ((-148512)/(-72) - -6)/((-2)/(-3))?
29, 107
Let s(d) = -16*d**3 - 5*d**2 + 14*d + 130. What are the prime factors of s(-8)?
2, 3, 5, 263
Let j(c) = -2*c**3 + 16*c**2 + 19*c - 16. Let g be j(9). Let q(p) = 9*p**2 + 5*p - 31. What are the prime factors of q(g)?
3, 5
Suppose 22*h = 10*h. Suppose h = -3*p + 152 + 106. What are the prime factors of p?
2, 43
Let f be (27 + -53)/((-2)/5). Suppose f*r = 71*r - 1104. What are the prime factors of r?
2, 23
Let j = -5522 + 15339. Suppose 11*n - j + 2766 = 0. Suppose 613 + n = 6*h. List the prime factors of h.
11, 19
Let f(w) = 0 + 0*w + 7 - 20*w. Suppose -3*k - 8 = 2*u, 10 = -k - 0*u + 3*u. List the prime factors of f(k).
3, 29
Suppose 0 = 3*q + 4*i - 75708, 18*q - 25216 = 17*q + 2*i. What are the prime factors of q?
2, 7, 17, 53
Let n = -2 + 6. Suppose -2*a + 6*a + 2108 = 3*y, n*y + a - 2836 = 0. What are the prime factors of y?
2, 3, 59
Suppose -3*k + 6*k = 5*b - 35185, 4*b + 5*k - 28185 = 0. What are the prime factors of b?
2, 5, 11
What are the prime factors of ((-22295)/78)/(11/(-198))?
3, 5, 7
Suppose -5*s - 2078 = -5553. Suppose -7*r = -2*r - s. Suppose 242 = 3*t - r. What are the prime factors of t?
127
Let k be (1 + 21/(-6))*272/(-170). Let u = 263 + -32. Suppose 3*v - 141 = q, 0 = 5*v + q - k*q - u. What are the prime factors of v?
2, 3
Suppose -105381 = -35*t + 64789. List the prime factors of t.
2, 11, 13, 17
Let s(p) = -51*p**3 + 12*p**2 + 10*p - 13. List the prime factors of s(-5).
2, 3, 19, 29
Let p = -5121 - -8236. List the prime factors of p.
5, 7, 89
Let i(s) = -3*s**3 + 381*s**2 + 91*s - 314. List the prime factors of i(126).
2, 5, 2939
Suppose -3*h = -s - 42, 2*s + 2*h + 102 = -h. Let k be (5 + s/8)/((-2)/(-10)). Let c(d) = -13*d - 15. List the prime factors of c(k).
2, 5
Suppose 163*i - 2040405 - 2683498 = 0. What are the prime factors of i?
73, 397
Let d be ((-6)/9)/(183/(-63) - -3). Let c(q) = -11*q - 25. Let t be c(d). What are the prime factors of 6*(7/(21/t) - -2)?
2, 29
Suppose -5*q = -3*q + 5*o - 344, 0 = -3*q - 4*o + 530. Suppose -21*x = -8*x - q. List the prime factors of (2 - x/6)*-297.
3, 11
Suppose -3 - 3 = -2*s. Let g be (5 + (-39)/9)/(1/s). Suppose -l - 205 = -3*v, 149 = 3*v - g*l - 60. What are the prime factors of v?
67
Let t = -18 - -21. Let z be 42/(-9) + (-4)/t. What are the prime factors of 888/(-20)*15/z?
3, 37
Suppose -341559 = -6*p - 87506 + 55937. What are the prime factors of p?
5, 10333
Let m(n) = -n**3 - 10*n**2 - 12*n + 12. Let f be (-119)/6 - (-2)/(-12). Let u be ((-18)/8)/((f/(-16))/5). List the prime factors of m(u).
3, 13
Let q(p) = -11 - 3*p**2 - 3*p + 49 + 4*p**2 - 25. Suppose 0 = s - 7*s + 54. What are the prime factors of q(s)?
67
Let m = 131 + -59. Let r = m - 70. Suppose -2*y - r*i = -77 + 21, 5*y - 2*i = 112. List the prime factors of y.
2, 3
What are the prime factors of 4/(-26) - (-60899883)/5863?
13, 17, 47
Let y(u) = u**3 + 4*u**2 - 43*u + 6. Let w be y(-8). Suppose -68*s - 32396 = -w*s. What are the prime factors of s?
2, 7, 89
Suppose 24 = -13*m + 10*m. Let c be ((-3)/5 - (-10)/100)*m. Suppose c*l + 12 = 0, 5*o - l - 2 = 56. List the prime factors of o.
11
Let t be -2 + (-3 - -2) + 41*9. Suppose -4*j - 64 = 2*c - t, 3*j = -c + 153. Suppose -c = -3*d - 4*z, 192 = 4*d + 6*z - 2*z. What are the prime factors of d?
3, 5
Suppose 0 = 11*l + 2*l. Suppose l = 5*d + 212 - 1637. What are the prime factors of d?
3, 5, 19
Let t(z) = -z**3 - 16*z**2 - 13*z + 35. Let b = -41 + 26. Let m be t(b). Suppose -4*k + 160 = 5*p - p, -m*k - 28 = -p. What are the prime factors of p?
2, 19
Suppose 45*f + 61998 = 224223. List the prime factors of f.
5, 7, 103
Suppose 0 = -0*k + 2*k + 6. Let f be 708/(-10)*k/((-12)/(-10)). Let n = f - 73. What are the prime factors of n?
2, 13
Let b(t) = 1031*t - 246. What are the prime factors of b(6)?
2, 3, 5, 11
Suppose 5*r = -3*w + 2600, -5*w + 4*r = -2068 - 2253. Let h = -459 + w. What are the prime factors of h?
2, 7, 29
Let b(o) = o**2 + 7*o + 51. Let v be b(15). Let t = 488 - 267. Let x = v - t. What are the prime factors of x?
2, 5
Suppose 0*l + l + x + 2 = 0, -4 = 5*l - x. Suppose 211 = 3*n + 46. List the prime factors of n/((-8)/(-4) + l).
5, 11
Let l(b) = 807*b**2 - 32*b - 141. What are the prime factors of l(-4)?
12899
Let r be 15 + 4/(-5) + (-10)/50. Let f(k) = k**3 - 12*k**2 - 13*k - 39. What are the prime factors of f(r)?
3, 19
Suppose 5*b + 25 = 0, -4*c + b + 23856 = -27745. What are the prime factors of c?
12899
Let a = -10361 + 902. List the prime factors of 9 - 375/40 - a/8.
2, 3, 197
Let j = -860 + 860. Suppose -4*m = y - 2280, m + 3*y - 744 + 163 = j. What are the prime factors of m?
569
Let g = 37 - 27. Let n = g - 19. List the prime factors of (39/(-5))/(n/45).
3, 13
Let v = 10538 + -2772. What are the prime factors of v?
2, 11, 353
Let v = 52 + -54. Let g be ((-1)/v)/((-4)/1112). Let f = g + 304. List the prime factors of f.
3, 5, 11
Let w = 10 - 31. List the prime factors of 9642/42 + (-9)/w.
2, 5, 23
Suppose -278145 = -31*c - 31849 + 94425. List the prime factors of c.
29, 379
Let w(g) = 14*g - 2. Let u = 50 + -61. 